 -a**3 + 12*a**2 + 12*a - 20. Let l be u(12). Suppose 0*x = -2*x - 2*q + l, -2*x + 110 = -5*q. Calculate the greatest common divisor of 12 and x.
12
Let w = -2 + 4. Suppose 0 = 4*x - 5*u - 241, -w*u = -x - 3*u + 67. Let y be ((-204)/(-85))/(0/2 - 24/(-160)). What is the highest common divisor of y and x?
16
Let j be 0/(-2) - (2964/(-7))/(93/1953). What is the highest common divisor of j and 39?
39
Let v(u) = 61*u**2 + 187*u + 93. Let n be v(-16). What is the highest common factor of 314 and n?
157
Let r be (-96 + 4)*(77/28 - 2). Let p be (r/(-2))/(-3 - (-165)/44). Calculate the highest common factor of 1058 and p.
46
Let r = 10098 - 9936. Calculate the highest common factor of r and 108.
54
Let i(a) = 3*a - 161. Let d be i(-26). Let t = d - -275. What is the greatest common divisor of 156 and t?
12
Let x(g) be the second derivative of -7*g**3/6 - 27*g**2/2 - 22*g. Let o be x(-9). What is the greatest common factor of 54 and o?
18
Suppose -5*t = 23*t + 168. Let s(z) = z**2 + 5*z + 66. Let v be s(t). Calculate the highest common factor of 9 and v.
9
Let h(i) = 5*i + 33. Let l(s) = -s + 1. Let m(t) = 3*h(t) + 12*l(t). Let w be m(-22). Calculate the greatest common divisor of w and 10.
5
Let u(y) = 0 - 2*y**2 + 0 + 5 - y**3 + 4 + 67*y - y**2. Let q be u(-10). Calculate the highest common factor of q and 260.
13
Let t = 15518 - 15374. What is the highest common divisor of 2352 and t?
48
Let u(g) = -250*g - 711. Let o be u(-18). What is the highest common factor of o and 9?
9
Suppose -917 + 225 = 4*l. Let v = -167 - l. What is the highest common factor of 114 and v?
6
Let l(c) = -285*c - 1535. Let i be l(-6). What is the highest common factor of 1400 and i?
175
Let n(x) = x**3 - 35*x**2 - 78*x - 78. Let c be n(37). Let d = 227 + c. What is the greatest common divisor of d and 29?
1
Suppose 4 = -s + 9. Let g be s/(-25)*-25*(1 + 14). Calculate the highest common divisor of g and 15.
15
Let h = 99 - 99. Suppose h = -13*s + 9*s + 96. Calculate the highest common divisor of s and 84.
12
Suppose 0 = -n + 2 + 2. Suppose 0 = -3*a - 3 + 6, -17 = n*d - a. Let z(u) = -7*u - 3. Let f be z(d). What is the highest common divisor of 10 and f?
5
Suppose 66 = -5*c + 6*c + 3*i, -3*c - 3*i = -228. Let g be -4 + (3 - (3 - 112)). What is the highest common divisor of c and g?
27
Suppose -3*b = -5*d - 119, 14*b - 12*b - 111 = -3*d. Suppose 340 + 3260 = b*k. Calculate the greatest common divisor of k and 25.
25
Let x be 18/(-2 - -4) + -10. Let w be 1*x + 1983 + -19 + 11. Calculate the highest common divisor of 42 and w.
42
Let c(a) = -3*a - 19. Let v = 54 - 61. Let i be c(v). Suppose -3*n + 3*r + 267 = 0, i*r = -r + 12. What is the greatest common factor of 62 and n?
31
Suppose -728219 = -65*y + 144341. Calculate the greatest common factor of y and 16.
16
Let d be -5 - 142*2*1/(-2). Suppose -d*q + 142*q = 1380. Calculate the greatest common divisor of q and 36.
12
Suppose 2*u + a - 1420 = -3*a, 2*a - 3542 = -5*u. Let v = u - 379. Let i = 4771 + -4724. What is the highest common divisor of i and v?
47
Suppose -6*y + 84 = -4*y. Suppose -3*t + 42 = -y. Let x be 5 + 1 + 44/2. Calculate the greatest common divisor of t and x.
28
Suppose -91*g = -16986 - 23054. Calculate the greatest common divisor of g and 2475.
55
Let z = -2972 + 2981. What is the highest common factor of 387 and z?
9
Let z be 5/25*6 + (-7)/((-175)/1495). What is the highest common factor of z and 16714?
61
Let o(i) be the third derivative of -11*i**6/60 + i**4/24 - 52*i**2. Let k be o(-1). What is the highest common factor of 3 and k?
3
Suppose r = -r + 60. Let l(f) be the first derivative of 3*f**3 - f**2/2 + 6*f + 60. Let t be l(-3). What is the highest common factor of r and t?
30
Let t(p) = -p + 218. Suppose -2*h - x = 37, 4*h = 4*x - 13 - 79. Let o be t(h). What is the highest common factor of o and 102?
34
Let k = -10128 + 10166. Calculate the greatest common factor of 48754 and k.
38
Let n = -1374 - -3614. What is the greatest common factor of n and 35?
35
Let h(q) = -10*q - 133. Let b be h(-14). Let o be 136/4*10/5. Suppose -5*k + k - o = -r, 2*r + 2*k = 106. Calculate the highest common divisor of r and b.
7
Suppose -24*p = 3*p - 22815. Suppose p = 3*n + 4*m + 66, 3*m = 3*n - 744. What is the highest common divisor of n and 33?
11
Suppose -3*y + 3 - 9 = 0. Let b be (y/(-4))/((-1)/(-6)). Suppose -b*r + 288 = -2*r. Calculate the greatest common divisor of 32 and r.
32
Let d be (72/3)/((-6)/(-8)). Let b be 9*(-13)/(-819) - 1118/(-14). Calculate the highest common divisor of b and d.
16
Let z(f) = -16*f - 321. Let u be z(-27). Suppose -4*h + 404 = -336. What is the highest common divisor of u and h?
37
Suppose -2*w - 3 - 3 = -r, -2*w = 2*r + 6. Suppose r = z + 2*a - 8, -53 + 5 = -4*z - 4*a. Calculate the highest common factor of z and 64.
16
Suppose 13*x = 24 + 2. Suppose -2*g + 0*g + 2*f = -28, -x*f + 56 = 5*g. Let w be ((-18)/g)/((27/(-12))/3). Calculate the greatest common divisor of 14 and w.
2
Let s be (-3505)/(-15) - 4/(-12). Let i = -87 + 90. Suppose i*a = 29 + 49. What is the highest common divisor of s and a?
26
Let t(x) = 68*x**2 + 6*x - 1. Let f be t(-2). Let v be f/14 + -1*10/4. Calculate the greatest common factor of v and 72.
8
Let m(w) = -4*w**3 - w**2 + 46*w - 5. Let l be m(-6). What is the greatest common divisor of l and 1?
1
Let i(n) be the third derivative of n**5/20 - n**4/6 - 11*n**3/3 + 195*n**2. Let y be i(6). Calculate the greatest common factor of 992 and y.
62
Let r be 46*(-15)/6*(-1)/5. Suppose 11 = -2*k + r. Suppose -d + k*d - 40 = 0. Calculate the greatest common divisor of d and 104.
8
Let k(c) = -6*c + 388. Let f be k(64). What is the highest common divisor of 3764 and f?
4
Suppose 125 = -5*t + 145. Let d(x) = -x - 6. Let n be d(t). Let y = 27 + n. What is the highest common factor of 17 and y?
17
Suppose 2*j = -14*b + 11*b + 150, 15*j + 2*b - 1002 = 0. Calculate the highest common factor of j and 1738.
22
Suppose 942*t - 357960 = 1867*t - 940*t. What is the highest common factor of t and 19?
19
Let d(v) = 4*v - 3. Suppose 0 = q - 5, -5*j - 4*q = -4 - 1. Let f be d(j). Let m be -10*(-4 - f/6). What is the greatest common factor of m and 3?
3
Let q(v) = v**3 + 27*v**2 - 15. Let c be (5 - 7)*27/2. Let b be q(c). Let g(n) = -3*n - 39. Let t be g(b). What is the highest common factor of 15 and t?
3
Let a be 3*(-1 - (-30)/(-9)). Let r(n) = 4*n**2 + 51*n + 12. Let t be r(a). What is the greatest common divisor of 20 and t?
5
Let f be 32/(-12) - -3 - 6/18. Suppose 5*k = -r - r + 13, r + 1 = f. Suppose -551 = -k*i + 178. What is the greatest common factor of i and 9?
9
Suppose 0 = -9*o + 10*o. Suppose -3*h - 8 + 20 = o. Suppose 0 = h*z - 168 - 216. Calculate the greatest common divisor of z and 12.
12
Suppose 0 = -2*a - 6, -3 = -2*y - 2*a - 5. Suppose 2*h - 5*x = 17, -28*x = y*h - 31*x - 27. What is the highest common factor of 14 and h?
7
Suppose -4*i - 192457 = -5*k, 34*i - 31*i = 21. What is the greatest common divisor of 137 and k?
137
Let n = 14720 - 12992. Calculate the highest common factor of n and 918.
54
Let h be ((-420)/16)/((-6)/64). Suppose -f + h = 6*f. Calculate the highest common factor of f and 50.
10
Let k(v) = -100*v + 752. Let x be k(6). Let a = 7 + -1. Suppose -a*r - x = -458. What is the greatest common factor of r and 34?
17
Let p = -656 + 1059. Let x = -19513 + 19544. Calculate the highest common factor of x and p.
31
Suppose -18*w + 24179 - 7979 = 0. Suppose -493*z + w = -488*z. What is the highest common divisor of 36 and z?
36
Suppose -319 = -29*v + 1653. Let g be 24 - 6 - 12 - v/(-2). What is the highest common factor of g and 10?
10
Let g(b) = 3*b**2 + 8*b + 5. Let f be g(-7). Let c = -51 + f. Let h be 37/3 - (-30)/c. Calculate the highest common factor of 13 and h.
13
Let h = 5 - 4. Suppose 170 + 30 = -25*f. Let u(o) = -o**3 - 9*o**2 - 8*o + 7. Let z be u(f). Calculate the greatest common divisor of h and z.
1
Let x = 104 - 116. Let u be ((-324)/(-3))/((-18)/x). Calculate the greatest common factor of 9 and u.
9
Let m = -50667 - -50733. Let v(w) = -w - 4. Let g(u) = 3*u + 2. Let p be g(-4). Let z be v(p). Calculate the highest common factor of z and m.
6
Suppose p - 70 = -228. Let o = 192 + p. What is the greatest common factor of 85 and o?
17
S